at is the tens digit of 962?
6
What is the tens digit of 937?
3
What is the thousands digit of 9233?
9
What is the ten thousands digit of 111328?
1
What is the tens digit of 1008?
0
What is the hundreds digit of 321?
3
What is the units digit of 69965?
5
What is the units digit of 3169?
9
What is the tens digit of 1334?
3
What is the units digit of 24156?
6
What is the units digit of 4315?
5
What is the hundreds digit of 536?
5
What is the units digit of 31596?
6
What is the units digit of 143?
3
What is the thousands digit of 3310?
3
What is the tens digit of 2400?
0
What is the thousands digit of 34764?
4
What is the hundreds digit of 349?
3
What is the hundreds digit of 17910?
9
What is the hundreds digit of 61986?
9
What is the ten thousands digit of 87258?
8
What is the tens digit of 2549?
4
What is the hundreds digit of 899?
8
What is the hundreds digit of 495?
4
What is the units digit of 12849?
9
What is the thousands digit of 4961?
4
What is the ten thousands digit of 25091?
2
What is the units digit of 5309?
9
What is the hundreds digit of 65077?
0
What is the tens digit of 60093?
9
What is the tens digit of 5416?
1
What is the tens digit of 1506?
0
What is the ten thousands digit of 46233?
4
What is the thousands digit of 46059?
6
What is the hundreds digit of 2521?
5
What is the hundreds digit of 34995?
9
What is the hundreds digit of 3868?
8
What is the hundreds digit of 10064?
0
What is the ten thousands digit of 16141?
1
What is the thousands digit of 2078?
2
What is the units digit of 68151?
1
What is the hundreds digit of 22355?
3
What is the hundreds digit of 210?
2
What is the units digit of 4387?
7
What is the hundreds digit of 9797?
7
What is the hundreds digit of 1058?
0
What is the tens digit of 3450?
5
What is the tens digit of 864?
6
What is the thousands digit of 18500?
8
What is the units digit of 529?
9
What is the thousands digit of 4098?
4
What is the hundred thousands digit of 191689?
1
What is the tens digit of 2695?
9
What is the units digit of 1206?
6
What is the hundreds digit of 21612?
6
What is the tens digit of 1434?
3
What is the ten thousands digit of 10912?
1
What is the hundreds digit of 1390?
3
What is the hundreds digit of 49562?
5
What is the tens digit of 28931?
3
What is the hundreds digit of 13022?
0
What is the ten thousands digit of 44170?
4
What is the units digit of 4271?
1
What is the units digit of 202?
2
What is the tens digit of 466?
6
What is the units digit of 61944?
4
What is the units digit of 21311?
1
What is the thousands digit of 5016?
5
What is the hundreds digit of 8695?
6
What is the tens digit of 623?
2
What is the hundreds digit of 106?
1
What is the tens digit of 6405?
0
What is the tens digit of 1079?
7
What is the units digit of 4057?
7
What is the tens digit of 128322?
2
What is the units digit of 3146?
6
What is the units digit of 1?
1
What is the units digit of 13855?
5
What is the tens digit of 17777?
7
What is the tens digit of 2861?
6
What is the hundreds digit of 547?
5
What is the ten thousands digit of 11059?
1
What is the hundreds digit of 88980?
9
What is the hundreds digit of 23987?
9
What is the thousands digit of 2832?
2
What is the tens digit of 450?
5
What is the tens digit of 351?
5
What is the thousands digit of 1503?
1
What is the hundreds digit of 4222?
2
What is the units digit of 4242?
2
What is the hundreds digit of 1139?
1
What is the units digit of 1111?
1
What is the units digit of 1494?
4
What is the units digit of 380?
0
What is the tens digit of 495?
9
What is the units digit of 12578?
8
What is the units digit of 12033?
3
What is the tens digit of 53618?
1
What is the ten thousands digit of 38640?
3
What is the tens digit of 2708?
0
What is the units digit of 670?
0
What is the hundreds digit of 110885?
8
What is the units digit of 20795?
5
What is the hundreds digit of 2467?
4
What is the tens digit of 4294?
9
What is the thousands digit of 1200?
1
What is the thousands digit of 1485?
1
What is the thousands digit of 76210?
6
What is the tens digit of 3543?
4
What is the thousands digit of 27449?
7
What is the tens digit of 47830?
3
What is the tens digit of 103?
0
What is the hundreds digit of 7894?
8
What is the tens digit of 174?
7
What is the ten thousands digit of 10337?
1
What is the hundreds digit of 30893?
8
What is the units digit of 2302?
2
What is the hundreds digit of 2023?
0
What is the units digit of 3541?
1
What is the hundreds digit of 1603?
6
What is the thousands digit of 4308?
4
What is the hundreds digit of 16513?
5
What is the hundreds digit of 23096?
0
What is the hundreds digit of 16368?
3
What is the hundreds digit of 2509?
5
What is the units digit of 806?
6
What is the hundreds digit of 629?
6
What is the tens digit of 927?
2
What is the units digit of 969?
9
What is the hundreds digit of 5202?
2
What is the units digit of 14972?
2
What is the units digit of 5622?
2
What is the units digit of 2804?
4
What is the units digit of 1199?
9
What is the hundreds digit of 2330?
3
What is the units digit of 7083?
3
What is the tens digit of 84124?
2
What is the units digit of 5490?
0
What is the thousands digit of 29416?
9
What is the hundreds digit of 59651?
6
What is the ten thousands digit of 158324?
5
What is the tens digit of 30913?
1
What is the units digit of 532?
2
What is the tens digit of 35203?
0
What is the hundreds digit of 15427?
4
What is the thousands digit of 2538?
2
What is the ten thousands digit of 13191?
1
What is the hundreds digit of 701?
7
What is the tens digit of 11602?
0
What is the ten thousands digit of 10146?
1
What is the tens digit of 1977?
7
What is the tens digit of 1528?
2
What is the thousands digit of 8455?
8
What is the units digit of 2161?
1
What is the hundreds digit of 30994?
9
What is the units digit of 88?
8
What is the thousands digit of 1471?
1
What is the hundreds digit of 13612?
6
What is the units digit of 3399?
9
What is the tens digit of 2527?
2
What is the thousands digit of 74565?
4
What is the thousands digit of 47141?
7
What is the tens digit of 9989?
8
What is the ten thousands digit of 40076?
4
What is the tens digit of 1176?
7
What is the units digit of 1313?
3
What is the tens digit of 16075?
7
What is the tens digit of 1614?
1
What is the hundreds digit of 84911?
9
What is the units digit of 3614?
4
What is the tens digit of 278?
7
What is the ten thousands digit of 37628?
3
What is the hundreds digit of 1917?
9
What is the ten thousands digit of 31998?
3
What is the ten thousands digit of 36628?
3
What is the units digit of 108547?
7
What is the hundreds digit of 2116?
1
What is the ten thousands digit of 52130?
5
What is the tens digit of 55400?
0
What is the tens digit of 49042?
4
What is the thousands digit of 1939?
1
What is the tens digit of 36?
3
What is the tens digit of 1196?
9
What is the hundreds digit of 2036?
0
What is the units digit of 2644?
4
What is the tens digit of 1065?
6
What is the tens digit of 7668?
6
What is the ten thousands digit of 18764?
1
What is the units digit of 266?
6
What is the hundreds digit of 635?
6
What is the hundreds digit of 968?
9
What is the units digit of 333?
3
What is the units digit of 808?
8
What is the tens digit of 32775?
7
What is the units digit of 8689?
9
What is the hundreds digit of 7654?
6
What is the hundreds digit of 116295?
2
What is the tens digit of 1277?
7
What is the ten thousands digit of 17961?
1
What is the tens digit of 238?
3
What is the units digit of 4063?
3
What is the thousands digit of 136116?
6
What is the units digit of 1138?
8
What is the thousands digit of 96354?
6
What is the thousands digit of 1916?
1
What is the hundreds digit of 474?
4
What is the thousands digit of 1195?
1
What is the thousands digit of 2598?
2
What is the hundreds digit of 2670?
6
What is the units digit of 28367?
7
What is the tens digit of 795?
9
What is the hundreds digit of 960?
9
What is the hundreds digit of 690?
6
What is the units digit of 71140?
0
What is the ten thousands digit of 90524?
9
What is the tens digit of 15005?
0
What is the hundreds digit of 702?
7
What is the ten thousands digit of 35352?
3
What is the hundreds digit of 24266?
2
What is the thousands digit of 2035?
2
What is the units digit 